s i(h)?
2
Let j(d) = -2*d**3 - d**2 + 2*d - 1. Suppose -13*g + 12*g = 0. Let b(c) = 2*c**2 + 1. Let r be b(g). Calculate j(r).
-2
Let b be (5 - 2)/((-3)/(-2)). Suppose q + 5*f = -13, -b*f = 4*q - 5*f - 40. Let d(p) = p**3 - 6*p**2 - 7*p - 1. Calculate d(q).
-1
Let w be (6/4)/(3/12). Let d(z) = -5 - 5 + w - z. Suppose 0 = 14*t - 15*t. Give d(t).
-4
Let g(i) = i**3 + 73741 + 11*i**2 - 4*i**2 + 3*i - 73744. What is g(-5)?
32
Let q be (-180)/150*((-5)/(-2) + 0). Let h(d) = -43*d + 6 + 44*d - 2. Give h(q).
1
Let d(t) = -4*t. Suppose 77 = 4*k + 53. Suppose -2 = 4*r - k. Determine d(r).
-4
Let l = 0 + 4. Suppose 3*i + k + 3 = 0, -3*k - 4 = l*i - 5. Let s(t) = -7*t + 0*t - 3 + 26*t**3 + 4*t - 27*t**3 - 3*t**2. Calculate s(i).
-1
Let i(u) = u**3 - 4*u**2 + 3*u + 2. Suppose -13 = -2*y - 0*g - 3*g, -19 = -3*y - 4*g. What is i(y)?
42
Let z(c) = 38*c + 1. Let q = -237 + 238. Determine z(q).
39
Let l(h) be the second derivative of -h**4/12 + 3*h**3/2 + 5*h**2 + 3*h. Let g be l(9). Suppose g*x - 12 = 6*x. Let c(o) = -o + 1. What is c(x)?
-2
Let c(l) = -3*l - 8. Let j = -24 - -8. Let r = 227 + -217. Let w = j + r. Give c(w).
10
Let x(g) = -7019*g**3 + 0*g + 6999*g**3 - 4 + 2*g + 7. Calculate x(-1).
21
Let k(t) be the second derivative of -22*t + 0*t**3 - 1/12*t**4 + 3/2*t**2 + 0. Suppose 0 = 5*b - 5*p - 45, -8*b + 4*p = -3*b - 40. What is k(b)?
-13
Suppose 0 = -2*q + 1 - 19. Let f(h) = h**2 + 8*h - 4. Calculate f(q).
5
Suppose 4*t = 4*m - 8, -5*m = -2*t - t - 12. Let p(s) = -10*s + m - s**2 + 5*s + 9*s - 8. Determine p(5).
-10
Let q be 8/28 + 272/28. Let l(h) = -28*h + q*h + 19*h - 1 + 2. Give l(-8).
-7
Let x = 129 + -123. Let c(v) = -25*v**3 - 2*v**2 - 9. Let j(d) = 13*d**3 + d**2 + 5. Let t(u) = x*c(u) + 11*j(u). Give t(-1).
7
Let y be 20/6*(-6)/(-4). Let b(c) = 5*c + 11. Let a(q) = 4*q + 11. Let v(n) = y*b(n) - 6*a(n). Let r be v(7). Let z(k) = k**2 + 3*k - 2. Give z(r).
2
Let q(f) = f**2 - 5*f. Suppose 0 = 5*k - 127 + 47. Suppose -21*o = -k*o - 15. Calculate q(o).
-6
Suppose -5*j + 21 = -2*j. Let v = -1 + j. Let g(z) = 4 + z - 3*z - z**2 + v*z - z. Give g(5).
-6
Let s(g) = g - 9. Suppose -14*m = -20*m + 48. What is s(m)?
-1
Let c = 233 + -235. Let m(y) = -12*y - 3. What is m(c)?
21
Let m(l) be the second derivative of l**5/20 + l**4/2 + 5*l**3/6 - 40*l. What is m(-5)?
0
Suppose -3*x + 3 = 2*w - 5*w, -3*w - 3 = -x. Let n = x + 3. Let q(o) = o + 3*o**n - 2*o**3 + 6*o**2 - 1 + 3*o - 3. Determine q(-5).
1
Let a(m) be the second derivative of 0 - 2*m**2 + 14*m + 1/6*m**4 - 1/3*m**3. Give a(3).
8
Let d(x) = -x**2 - 6*x - 3. Suppose -294 = 10*g + 39*g. Determine d(g).
-3
Let z(n) be the first derivative of -n**2/2 - 2*n - 261. What is z(1)?
-3
Let h(m) = -m**3 - 4*m**2 - m + 2. Let g = 250 + -253. What is h(g)?
-4
Let p(z) = -5*z**3 + 20*z**2 - 22*z - 1. Let l(d) = -d**3 + d**2 - d + 1. Let v(k) = 6*l(k) - p(k). Determine v(-15).
-8
Suppose -9*j - 10 = -10*j - t, -4*t - 59 = -5*j. Let p(i) = -2*i - 13. Calculate p(j).
-35
Let r(z) = -2*z**2 - 6*z - 2. Let i(c) = -2*c**2 + 8*c - 4. Let b be i(6). Let t = b + 23. What is r(t)?
-22
Let n(i) be the third derivative of -i**6/120 - i**5/10 + 5*i**4/12 + 2*i**3/3 + 145*i**2. Calculate n(-7).
-17
Let c(j) = j**2 + 2*j + 6. Let d = 314 - 318. Give c(d).
14
Let a(l) = l**3 + 3*l**2 - 6*l - 8. Let n(w) = 2*w. Let b be n(-2). What is a(b)?
0
Let w be 3/18 - 4/((-72)/123). Let x(y) = -y**2 + 6*y + 1. What is x(w)?
-6
Let f(u) = u - 1. Suppose 0 = 5*a + 15 + 35. Suppose 4*r - 6*r = -12. Let s = a + r. What is f(s)?
-5
Let s(y) = -7*y - 3. Suppose 3*z - 10 = 5*z - 2*p, -5*p + 15 = 0. Calculate s(z).
11
Let j(p) = 5*p + 8*p - 10*p - 9 - 2*p. Give j(10).
1
Let z(g) = 4*g**3 - 4*g**2 - 9*g. Let n(b) = -5*b**3 + 5*b**2 + 10*b + 1. Let h(r) = 3*n(r) + 4*z(r). Determine h(4).
27
Suppose -12 = 2*c + c + 3*k, c + 2*k = -1. Let o(z) = -2*z - 12. Let h be o(c). Let a(q) = h - 3 + 3 - q**3 + 5*q**2 - 5*q + q. Give a(4).
2
Suppose 0 = 4*g - 0*g - 104. Let d be 13/g - (-10)/(-4). Let l be d*-3*2/12. Let b(v) = -6*v**2 - v. Give b(l).
-7
Let t(k) be the first derivative of k**6/120 - k**5/60 - k**4/12 - k**3/6 + k**2 + 11. Let q(m) be the second derivative of t(m). Determine q(2).
-1
Suppose 6*o + 2 = 128. Suppose 5*q - 4*k = 29 + 6, -3*k - o = -3*q. Let x be q - (8/2)/4. Let z(y) = -y**3 + 7*y**2 - 5*y. Give z(x).
6
Let y(u) = -3*u**3 - 50 + 24 + 2*u + 30 + 4*u**3 - 5*u**2. Calculate y(5).
14
Suppose -27 = -3*o + x, 4*x - 25 = -4*o + 27. Let i(g) = 2*g + 3. Calculate i(o).
23
Let l(s) = 4*s**3 - s. Let w(o) = o**2 - 8*o + 11. Suppose 3*m - 17 = 1. Let f be w(m). Determine l(f).
-3
Suppose 25 - 22 = x. Let i(k) be the third derivative of -x*k**2 - 1/6*k**3 - 1/24*k**4 + 0*k + 0. Calculate i(0).
-1
Let r be (24/9)/((-8)/(-12)). Suppose r*s = s + 9. Suppose -x = l + 1, -8 - 1 = s*x. Let u(j) = -j + 1. Give u(l).
-1
Let s = 6 + 4. Let f(g) = g - 11. Let q be f(s). Let v(j) be the first derivative of -4*j**3 + j - 2. Determine v(q).
-11
Let s(h) be the second derivative of h**4/12 + 2*h**3/3 - h**2 - 347*h. Give s(-5).
3
Let y be (21/(-6) - 0)*-14. Suppose -4*d + 4*t = -56, 5*d - y = -t - t. Let b be (-1 - -7)*d/(-33). Let c(p) = -6*p - 2. Calculate c(b).
10
Suppose -3*s = -4*u + 3, -5*s + 3 = 2*u - 6*u. Let r(x) = -4*x + 14. Give r(u).
2
Suppose -z + 1 = -0*z. Let u(v) = -4*v + 15*v**2 - 10*v**3 + v + 0*v + z - 16. Let c(h) = 3*h**3 - 5*h**2 + h + 5. Let j(t) = -7*c(t) - 2*u(t). Calculate j(4).
7
Let j(a) be the third derivative of a**8/10080 + a**7/5040 + a**6/720 + a**5/6 + 2*a**2. Let v(w) be the third derivative of j(w). Let s = 2 - 3. What is v(s)?
2
Suppose -4*j + 2*q + 2 = 0, 8*j = 7*j + 4*q - 10. Let p(f) be the second derivative of -1/6*f**3 + 0 - 7*f + f**j - 1/6*f**4 + 1/20*f**5. Determine p(2).
0
Let v = -739 - -746. Let f(j) = j**2 - 8*j + 15. What is f(v)?
8
Suppose -8*l - 10 - 22 = 0. Let h(i) be the third derivative of -i**6/120 - i**5/30 + i**4/4 + i**3/3 + i**2. Determine h(l).
10
Let d(n) = n**3 - n**2 - 2*n + 3. Let g(l) be the third derivative of l**6/120 - l**5/12 - l**4/4 + l**3/3 - 9*l**2. Let c be g(6). What is d(c)?
3
Let u = 58 + -53. Suppose u*z + 15 = 5*y, 5*z + 7*y - 9*y + 18 = 0. Let k(c) be the third derivative of c**4/6 + c**3/2 - c**2. Determine k(z).
-13
Let z(w) = 3 + 0*w + 2*w**2 + w - w**2 - 9*w. Let g be 8 - (3 + -1*(3 + -1)). Calculate z(g).
-4
Let i(m) = m**3 + 11*m**2 - 13*m - 9. Let n = -367 + 355. What is i(n)?
3
Suppose -3*u + 5*r + 5 + 0 = 0, -5*r - 25 = u. Suppose -4*b + b + 6 = 0. Let p(z) = 2*z - b*z + 9 + z. Give p(u).
4
Let v = -15 + 9. Let a(p) be the first derivative of -p**6/360 - p**5/20 + p**3/3 - 7. Let g(j) be the third derivative of a(j). Determine g(v).
0
Let l(t) = 3*t**3 + t + 1. Suppose 0*d = 8*d - 472. Let m = d - 60. Give l(m).
-3
Let y(r) be the second derivative of -1/6*r**3 + 0 - 8*r + 9/2*r**2. Let s be y(5). Let h(z) = z - 7. Calculate h(s).
-3
Let w be 14*2/5*(-25)/(-20). Suppose 0 = -2*q + 2, 0*q = -4*c + 5*q + w. Let n(s) = s**3 - 4*s**2 + 2*s + 4. Give n(c).
1
Let q(z) be the second derivative of z**4/12 + 5*z**3/6 + z**2/2 + 477*z. Give q(2).
15
Let c be (-1974)/(-846)*(-6)/(-7). Let a(l) = -4*l - l**2 + 4*l - 2. Give a(c).
-6
Let p be (-2)/(12 - (23 + -7)). Let l(q) be the first derivative of -7 + 20/3*q**3 - p*q**2 - q. What is l(-1)?
20
Let v(b) = 3*b + 31. Suppose 5*n - 3*i + 46 = -0*n, n - 2 = -5*i. Give v(n).
7
Let y(h) = 13*h - 1. Let a be (-3)/6*(5 + -3). Determine y(a).
-14
Let b = 449 + -455. Let t(y) be the first derivative of y**4/4 + 2*y**3 + y**2/2 - 7*y + 5. Calculate t(b).
-13
Suppose -8*p + 5 = -13*p. Let h be (-1)/1 + (2 - p). Let f(n) = -17*n + 13*n - 4 + 4 - h. What is f(3)?
-14
Suppose -2*i + 4*i + 6 = 0, -7 = 2*s + 5*i. Let j(k) = s - 2*k + 4 - 5. Calculate j(2).
-1
Let l(g) = 6721*g + 4*g**2 - 6721*g + 2 + 2*g**2. Determine l(1).
8
Let d(v) = 2*v**3 + 7*v**2 + v + 33. Let l be d(-4). Let t(r) = -r**2 + 12*r + 5. Give t(l).
-8
Suppose 3*l = -2 + 14. Suppose -l*a = -h - 2 - 1, -4*a = -5*h + 17. Let p(o) = 3*o - 7*o + 3*o + 12 - 2*o**2 + o**a. Give p(0).
12
Let i = 46 + -43. Let w(v) = 1 + 4*v**3 - 3*v**i - 24*v + 23*v + 4*v**2. Determine w(-3).
13
Suppose -l - 2 + 20 = -2*m, 4*m - 3*l + 36 = 0. Let i(t) = -t**3 - 8*t**2 + 10*t + 6. Determine i(